{"id":8,"date":"2020-11-27T14:55:08","date_gmt":"2020-11-27T14:55:08","guid":{"rendered":"http:\/\/ogtransportas.lt\/?page_id=8"},"modified":"2024-11-27T16:34:33","modified_gmt":"2024-11-27T16:34:33","slug":"pradinis","status":"publish","type":"page","link":"https:\/\/ogtransportas.lt\/","title":{"rendered":"Krovini\u0173 perve\u017eimas su fiskaru \/ kranu   Savivar\u010dio nuoma"},"content":{"rendered":"\n<p><strong>Scania savivar\u010dio 8&#215;4 nuoma ve\u017eame iki 19 Ton\u0173<\/strong><\/p>\n\n\n\n<p><strong>Scania sunkve\u017eimio nuoma su fiskaru\/kranu<br><\/strong><\/p>\n\n\n\n<p><strong>Str\u0117les ilgis iki 14,7 METR\u0172,<br><\/strong><\/p>\n\n\n\n<p><strong>Keliamoji galia prie 14,7m 1200Kg<br><\/strong><\/p>\n\n\n\n<p><strong>Ve\u017eti gali 12 TON\u0172<br><\/strong><\/p>\n\n\n\n<p><strong>Dirbame: Klaip\u0117dos apskrityje  <\/strong><\/p>\n\n\n\n<p class=\"has-text-align-left\"><strong>U\u017esakymai priimami telefonu: 863581023<\/strong><\/p>\n\n\n\n<div class=\"wp-block-group\"><div class=\"wp-block-group__inner-container\">\n<figure class=\"wp-block-image size-large\"><img loading=\"lazy\" width=\"1024\" height=\"577\" src=\"https:\/\/ogtransportas.lt\/wp-content\/uploads\/2024\/11\/BB548688-AF58-4B73-8723-5A37C2144F3F-1024x577.png\" alt=\"\" class=\"wp-image-118\" srcset=\"https:\/\/ogtransportas.lt\/wp-content\/uploads\/2024\/11\/BB548688-AF58-4B73-8723-5A37C2144F3F-1024x577.png 1024w, https:\/\/ogtransportas.lt\/wp-content\/uploads\/2024\/11\/BB548688-AF58-4B73-8723-5A37C2144F3F-300x169.png 300w, https:\/\/ogtransportas.lt\/wp-content\/uploads\/2024\/11\/BB548688-AF58-4B73-8723-5A37C2144F3F-768x433.png 768w, https:\/\/ogtransportas.lt\/wp-content\/uploads\/2024\/11\/BB548688-AF58-4B73-8723-5A37C2144F3F-1536x865.png 1536w, https:\/\/ogtransportas.lt\/wp-content\/uploads\/2024\/11\/BB548688-AF58-4B73-8723-5A37C2144F3F.png 1640w\" sizes=\"(max-width: 767px) 89vw, (max-width: 1000px) 54vw, (max-width: 1071px) 543px, 580px\" \/><\/figure>\n\n\n\n<div class=\"wp-block-group\"><div class=\"wp-block-group__inner-container\">\n<figure class=\"wp-block-image size-large\"><img loading=\"lazy\" width=\"1024\" height=\"768\" src=\"https:\/\/ogtransportas.lt\/wp-content\/uploads\/2024\/11\/84495748-C0E7-4703-9C04-40C25183833C-1024x768.jpeg\" alt=\"\" class=\"wp-image-119\" srcset=\"https:\/\/ogtransportas.lt\/wp-content\/uploads\/2024\/11\/84495748-C0E7-4703-9C04-40C25183833C-1024x768.jpeg 1024w, https:\/\/ogtransportas.lt\/wp-content\/uploads\/2024\/11\/84495748-C0E7-4703-9C04-40C25183833C-300x225.jpeg 300w, https:\/\/ogtransportas.lt\/wp-content\/uploads\/2024\/11\/84495748-C0E7-4703-9C04-40C25183833C-768x576.jpeg 768w, https:\/\/ogtransportas.lt\/wp-content\/uploads\/2024\/11\/84495748-C0E7-4703-9C04-40C25183833C-1536x1152.jpeg 1536w, https:\/\/ogtransportas.lt\/wp-content\/uploads\/2024\/11\/84495748-C0E7-4703-9C04-40C25183833C.jpeg 2048w\" sizes=\"(max-width: 767px) 89vw, (max-width: 1000px) 54vw, (max-width: 1071px) 543px, 580px\" \/><\/figure>\n\n\n\n<p><\/p>\n<\/div><\/div>\n\n\n\n<div class=\"wp-block-image\"><figure class=\"alignright size-large\"><img loading=\"lazy\" width=\"1024\" height=\"768\" src=\"https:\/\/ogtransportas.lt\/wp-content\/uploads\/2020\/11\/DBE028AE-8BF1-4575-9435-91C6C6E5F84B-1-1024x768.jpeg\" alt=\"\" class=\"wp-image-42\" srcset=\"https:\/\/ogtransportas.lt\/wp-content\/uploads\/2020\/11\/DBE028AE-8BF1-4575-9435-91C6C6E5F84B-1-1024x768.jpeg 1024w, https:\/\/ogtransportas.lt\/wp-content\/uploads\/2020\/11\/DBE028AE-8BF1-4575-9435-91C6C6E5F84B-1-300x225.jpeg 300w, https:\/\/ogtransportas.lt\/wp-content\/uploads\/2020\/11\/DBE028AE-8BF1-4575-9435-91C6C6E5F84B-1-768x576.jpeg 768w, https:\/\/ogtransportas.lt\/wp-content\/uploads\/2020\/11\/DBE028AE-8BF1-4575-9435-91C6C6E5F84B-1-1536x1152.jpeg 1536w, https:\/\/ogtransportas.lt\/wp-content\/uploads\/2020\/11\/DBE028AE-8BF1-4575-9435-91C6C6E5F84B-1.jpeg 2000w\" sizes=\"(max-width: 767px) 89vw, (max-width: 1000px) 54vw, (max-width: 1071px) 543px, 580px\" \/><\/figure><\/div>\n<\/div><\/div>\n\n\n\n<figure class=\"wp-block-image size-large\"><img loading=\"lazy\" width=\"1024\" height=\"768\" src=\"https:\/\/ogtransportas.lt\/wp-content\/uploads\/2020\/11\/5C4C803D-E23E-484A-90E7-36F8223598E8-1024x768.jpeg\" alt=\"\" class=\"wp-image-40\" srcset=\"https:\/\/ogtransportas.lt\/wp-content\/uploads\/2020\/11\/5C4C803D-E23E-484A-90E7-36F8223598E8-1024x768.jpeg 1024w, https:\/\/ogtransportas.lt\/wp-content\/uploads\/2020\/11\/5C4C803D-E23E-484A-90E7-36F8223598E8-300x225.jpeg 300w, https:\/\/ogtransportas.lt\/wp-content\/uploads\/2020\/11\/5C4C803D-E23E-484A-90E7-36F8223598E8-768x576.jpeg 768w, https:\/\/ogtransportas.lt\/wp-content\/uploads\/2020\/11\/5C4C803D-E23E-484A-90E7-36F8223598E8-1536x1152.jpeg 1536w, https:\/\/ogtransportas.lt\/wp-content\/uploads\/2020\/11\/5C4C803D-E23E-484A-90E7-36F8223598E8.jpeg 2000w\" sizes=\"(max-width: 767px) 89vw, (max-width: 1000px) 54vw, (max-width: 1071px) 543px, 580px\" \/><\/figure>\n\n\n\n<figure class=\"wp-block-image size-large\"><img loading=\"lazy\" width=\"1024\" height=\"768\" src=\"https:\/\/ogtransportas.lt\/wp-content\/uploads\/2020\/11\/11DA0C57-44FB-4635-BF60-01DF98B0E2EC-1-1024x768.jpeg\" alt=\"\" class=\"wp-image-39\" srcset=\"https:\/\/ogtransportas.lt\/wp-content\/uploads\/2020\/11\/11DA0C57-44FB-4635-BF60-01DF98B0E2EC-1-1024x768.jpeg 1024w, https:\/\/ogtransportas.lt\/wp-content\/uploads\/2020\/11\/11DA0C57-44FB-4635-BF60-01DF98B0E2EC-1-300x225.jpeg 300w, https:\/\/ogtransportas.lt\/wp-content\/uploads\/2020\/11\/11DA0C57-44FB-4635-BF60-01DF98B0E2EC-1-768x576.jpeg 768w, https:\/\/ogtransportas.lt\/wp-content\/uploads\/2020\/11\/11DA0C57-44FB-4635-BF60-01DF98B0E2EC-1-1536x1152.jpeg 1536w, https:\/\/ogtransportas.lt\/wp-content\/uploads\/2020\/11\/11DA0C57-44FB-4635-BF60-01DF98B0E2EC-1.jpeg 2000w\" sizes=\"(max-width: 767px) 89vw, (max-width: 1000px) 54vw, (max-width: 1071px) 543px, 580px\" \/><\/figure>\n\n\n\n<figure class=\"wp-block-image size-large\"><img loading=\"lazy\" width=\"750\" height=\"551\" src=\"https:\/\/ogtransportas.lt\/wp-content\/uploads\/2020\/11\/52B799EB-ACFC-48E4-9B14-1E25367B91BA-1.jpeg\" alt=\"\" class=\"wp-image-38\" srcset=\"https:\/\/ogtransportas.lt\/wp-content\/uploads\/2020\/11\/52B799EB-ACFC-48E4-9B14-1E25367B91BA-1.jpeg 750w, https:\/\/ogtransportas.lt\/wp-content\/uploads\/2020\/11\/52B799EB-ACFC-48E4-9B14-1E25367B91BA-1-300x220.jpeg 300w\" sizes=\"(max-width: 706px) 89vw, (max-width: 767px) 82vw, 740px\" \/><\/figure>\n\n\n\n<figure class=\"wp-block-gallery columns-1 is-cropped\"><ul class=\"blocks-gallery-grid\"><li class=\"blocks-gallery-item\"><figure><img loading=\"lazy\" width=\"1024\" height=\"768\" src=\"https:\/\/ogtransportas.lt\/wp-content\/uploads\/2020\/11\/EB8203A7-3592-457A-85AF-78ED68637356-1-1024x768.jpeg\" alt=\"\" data-id=\"36\" class=\"wp-image-36\" srcset=\"https:\/\/ogtransportas.lt\/wp-content\/uploads\/2020\/11\/EB8203A7-3592-457A-85AF-78ED68637356-1-1024x768.jpeg 1024w, https:\/\/ogtransportas.lt\/wp-content\/uploads\/2020\/11\/EB8203A7-3592-457A-85AF-78ED68637356-1-300x225.jpeg 300w, https:\/\/ogtransportas.lt\/wp-content\/uploads\/2020\/11\/EB8203A7-3592-457A-85AF-78ED68637356-1-768x576.jpeg 768w, https:\/\/ogtransportas.lt\/wp-content\/uploads\/2020\/11\/EB8203A7-3592-457A-85AF-78ED68637356-1-1536x1152.jpeg 1536w, https:\/\/ogtransportas.lt\/wp-content\/uploads\/2020\/11\/EB8203A7-3592-457A-85AF-78ED68637356-1.jpeg 2000w\" sizes=\"(max-width: 767px) 89vw, (max-width: 1000px) 54vw, (max-width: 1071px) 543px, 580px\" \/><\/figure><\/li><\/ul><\/figure>\n\n\n\n<figure class=\"wp-block-image\"><img alt=\"\"\/><\/figure>\n\n\n\n<figure class=\"wp-block-image size-large\"><img loading=\"lazy\" width=\"1024\" height=\"768\" src=\"https:\/\/ogtransportas.lt\/wp-content\/uploads\/2022\/03\/25380CB5-22ED-4D88-84E1-61B498ED2320-1024x768.jpeg\" alt=\"\" class=\"wp-image-94\" srcset=\"https:\/\/ogtransportas.lt\/wp-content\/uploads\/2022\/03\/25380CB5-22ED-4D88-84E1-61B498ED2320-1024x768.jpeg 1024w, https:\/\/ogtransportas.lt\/wp-content\/uploads\/2022\/03\/25380CB5-22ED-4D88-84E1-61B498ED2320-300x225.jpeg 300w, https:\/\/ogtransportas.lt\/wp-content\/uploads\/2022\/03\/25380CB5-22ED-4D88-84E1-61B498ED2320-768x576.jpeg 768w, https:\/\/ogtransportas.lt\/wp-content\/uploads\/2022\/03\/25380CB5-22ED-4D88-84E1-61B498ED2320-1536x1152.jpeg 1536w, https:\/\/ogtransportas.lt\/wp-content\/uploads\/2022\/03\/25380CB5-22ED-4D88-84E1-61B498ED2320-2048x1536.jpeg 2048w\" sizes=\"(max-width: 767px) 89vw, (max-width: 1000px) 54vw, (max-width: 1071px) 543px, 580px\" \/><\/figure>\n\n\n\n<figure class=\"wp-block-image size-large\"><img loading=\"lazy\" width=\"1024\" height=\"768\" src=\"https:\/\/ogtransportas.lt\/wp-content\/uploads\/2022\/03\/1082B132-979A-47DB-9A0C-3C9F1E4BA746-1024x768.jpeg\" alt=\"\" class=\"wp-image-95\" srcset=\"https:\/\/ogtransportas.lt\/wp-content\/uploads\/2022\/03\/1082B132-979A-47DB-9A0C-3C9F1E4BA746-1024x768.jpeg 1024w, https:\/\/ogtransportas.lt\/wp-content\/uploads\/2022\/03\/1082B132-979A-47DB-9A0C-3C9F1E4BA746-300x225.jpeg 300w, https:\/\/ogtransportas.lt\/wp-content\/uploads\/2022\/03\/1082B132-979A-47DB-9A0C-3C9F1E4BA746-768x576.jpeg 768w, https:\/\/ogtransportas.lt\/wp-content\/uploads\/2022\/03\/1082B132-979A-47DB-9A0C-3C9F1E4BA746-1536x1152.jpeg 1536w, https:\/\/ogtransportas.lt\/wp-content\/uploads\/2022\/03\/1082B132-979A-47DB-9A0C-3C9F1E4BA746-2048x1536.jpeg 2048w\" sizes=\"(max-width: 767px) 89vw, (max-width: 1000px) 54vw, (max-width: 1071px) 543px, 580px\" \/><\/figure>\n\n\n\n<figure class=\"wp-block-image size-large\"><img loading=\"lazy\" width=\"822\" height=\"1024\" src=\"https:\/\/ogtransportas.lt\/wp-content\/uploads\/2022\/03\/7D16373B-4FA9-4EFD-9751-4834EC5007DA-822x1024.jpeg\" alt=\"\" class=\"wp-image-97\" srcset=\"https:\/\/ogtransportas.lt\/wp-content\/uploads\/2022\/03\/7D16373B-4FA9-4EFD-9751-4834EC5007DA-822x1024.jpeg 822w, https:\/\/ogtransportas.lt\/wp-content\/uploads\/2022\/03\/7D16373B-4FA9-4EFD-9751-4834EC5007DA-241x300.jpeg 241w, https:\/\/ogtransportas.lt\/wp-content\/uploads\/2022\/03\/7D16373B-4FA9-4EFD-9751-4834EC5007DA-768x956.jpeg 768w, https:\/\/ogtransportas.lt\/wp-content\/uploads\/2022\/03\/7D16373B-4FA9-4EFD-9751-4834EC5007DA-1234x1536.jpeg 1234w, https:\/\/ogtransportas.lt\/wp-content\/uploads\/2022\/03\/7D16373B-4FA9-4EFD-9751-4834EC5007DA.jpeg 1440w\" sizes=\"(max-width: 767px) 89vw, (max-width: 1000px) 54vw, (max-width: 1071px) 543px, 580px\" \/><\/figure>\n\n\n\n<p><\/p>\n\n\n\n<figure class=\"wp-block-gallery columns-0 is-cropped\"><ul class=\"blocks-gallery-grid\"><\/ul><\/figure>\n","protected":false},"excerpt":{"rendered":"<p>Scania savivar\u010dio 8&#215;4 nuoma ve\u017eame iki 19 Ton\u0173 Scania sunkve\u017eimio nuoma su fiskaru\/kranu Str\u0117les ilgis iki 14,7 METR\u0172, Keliamoji galia prie 14,7m 1200Kg Ve\u017eti gali 12 TON\u0172 Dirbame: Klaip\u0117dos apskrityje U\u017esakymai priimami telefonu: 863581023<\/p>\n","protected":false},"author":1,"featured_media":0,"parent":0,"menu_order":0,"comment_status":"closed","ping_status":"closed","template":"","meta":[],"_links":{"self":[{"href":"https:\/\/ogtransportas.lt\/index.php\/wp-json\/wp\/v2\/pages\/8"}],"collection":[{"href":"https:\/\/ogtransportas.lt\/index.php\/wp-json\/wp\/v2\/pages"}],"about":[{"href":"https:\/\/ogtransportas.lt\/index.php\/wp-json\/wp\/v2\/types\/page"}],"author":[{"embeddable":true,"href":"https:\/\/ogtransportas.lt\/index.php\/wp-json\/wp\/v2\/users\/1"}],"replies":[{"embeddable":true,"href":"https:\/\/ogtransportas.lt\/index.php\/wp-json\/wp\/v2\/comments?post=8"}],"version-history":[{"count":14,"href":"https:\/\/ogtransportas.lt\/index.php\/wp-json\/wp\/v2\/pages\/8\/revisions"}],"predecessor-version":[{"id":120,"href":"https:\/\/ogtransportas.lt\/index.php\/wp-json\/wp\/v2\/pages\/8\/revisions\/120"}],"wp:attachment":[{"href":"https:\/\/ogtransportas.lt\/index.php\/wp-json\/wp\/v2\/media?parent=8"}],"curies":[{"name":"wp","href":"https:\/\/api.w.org\/{rel}","templated":true}]}}